{"id":31,"date":"2013-08-22T20:54:08","date_gmt":"2013-08-22T20:54:08","guid":{"rendered":"http:\/\/www.zuzanabenuskova.sk\/?page_id=31"},"modified":"2015-03-23T18:50:44","modified_gmt":"2015-03-23T18:50:44","slug":"vizualna-dokumentacia","status":"publish","type":"page","link":"https:\/\/www.zuzanabenuskova.sk\/?page_id=31","title":{"rendered":"Video-Audio"},"content":{"rendered":"<p>I worked with Slovak Television on the minority magazines about the Croatians and Bulgarians in Slovakia. I am an author of the script to the film documentaries Dobre n\u00e1m je v Petr\u017ealke b\u00fdva\u0165 (Living Well in Petr\u017ealka, 2003), Bo\u017eie telo v Cs\u00f6m\u00f6ri (The Feast of Corpus Christi in Csomor, 2005), a co\u2013author of the documentary Trhovisko (Market Place, 2005) and an edition Osobnosti slovenskej etnol\u00f3gie (Personalities of\u00a0the Slovak Ethnology, 2008\u20132013), a tutor of a master\u2019s film project by Miroslav Barto\u0161\u00a0\u201eSlovaks in Croatia\u201c. My documentaries have been presented at various film festivals and screenings in the Czech Republic,\u00a0Austria, Hungary, Croatia and Slovenia. Photo and film documentation is not only part of\u00a0my work, but a hobby as well. In her professional activities she endeavors to professionalize the visual anthropology in Slovakia.<\/p>\n","protected":false},"excerpt":{"rendered":"<p>I worked with Slovak Television on the minority magazines about the Croatians and Bulgarians in Slovakia. I am an author of the script to the film documentaries Dobre n\u00e1m je v Petr\u017ealke b\u00fdva\u0165 (Living Well in Petr\u017ealka, 2003), Bo\u017eie telo v Cs\u00f6m\u00f6ri (The Feast of Corpus Christi in Csomor, 2005), a co\u2013author of the documentary [&hellip;]<\/p>\n","protected":false},"author":1,"featured_media":0,"parent":0,"menu_order":0,"comment_status":"closed","ping_status":"closed","template":"","meta":{"footnotes":""},"class_list":["post-31","page","type-page","status-publish","hentry"],"_links":{"self":[{"href":"https:\/\/www.zuzanabenuskova.sk\/index.php?rest_route=\/wp\/v2\/pages\/31","targetHints":{"allow":["GET"]}}],"collection":[{"href":"https:\/\/www.zuzanabenuskova.sk\/index.php?rest_route=\/wp\/v2\/pages"}],"about":[{"href":"https:\/\/www.zuzanabenuskova.sk\/index.php?rest_route=\/wp\/v2\/types\/page"}],"author":[{"embeddable":true,"href":"https:\/\/www.zuzanabenuskova.sk\/index.php?rest_route=\/wp\/v2\/users\/1"}],"replies":[{"embeddable":true,"href":"https:\/\/www.zuzanabenuskova.sk\/index.php?rest_route=%2Fwp%2Fv2%2Fcomments&post=31"}],"version-history":[{"count":6,"href":"https:\/\/www.zuzanabenuskova.sk\/index.php?rest_route=\/wp\/v2\/pages\/31\/revisions"}],"predecessor-version":[{"id":446,"href":"https:\/\/www.zuzanabenuskova.sk\/index.php?rest_route=\/wp\/v2\/pages\/31\/revisions\/446"}],"wp:attachment":[{"href":"https:\/\/www.zuzanabenuskova.sk\/index.php?rest_route=%2Fwp%2Fv2%2Fmedia&parent=31"}],"curies":[{"name":"wp","href":"https:\/\/api.w.org\/{rel}","templated":true}]}}