{"id":137,"date":"2013-09-15T09:37:05","date_gmt":"2013-09-15T09:37:05","guid":{"rendered":"http:\/\/www.zuzanabenuskova.sk\/?page_id=137"},"modified":"2021-09-24T18:28:54","modified_gmt":"2021-09-24T18:28:54","slug":"kulturne-regiony-slovenska","status":"publish","type":"page","link":"https:\/\/www.zuzanabenuskova.sk\/?page_id=137","title":{"rendered":"Kult\u00farne regi\u00f3ny Slovenska"},"content":{"rendered":"<p>&#8211; publik\u00e1cia <strong>Tradi\u010dn\u00e1 kult\u00fara regi\u00f3nov Slovenska.<\/strong> VEDA 1998, 2. doplnen\u00e9 vydanie 2004\u00a0\u00a0 odporu\u010den\u00e1 MK SR\u00a0medzi z\u00e1kladnou literat\u00farou k danej t\u00e9me <a href=\"http:\/\/www.zuzanabenuskova.sk\/wp-content\/uploads\/2013\/09\/scan0002.jpg\"><img loading=\"lazy\" decoding=\"async\" class=\" wp-image-216 alignright\" src=\"http:\/\/www.zuzanabenuskova.sk\/wp-content\/uploads\/2013\/09\/scan0002-206x300.jpg\" alt=\"scan0002\" width=\"144\" height=\"210\" srcset=\"https:\/\/www.zuzanabenuskova.sk\/wp-content\/uploads\/2013\/09\/scan0002-206x300.jpg 206w, https:\/\/www.zuzanabenuskova.sk\/wp-content\/uploads\/2013\/09\/scan0002-703x1024.jpg 703w, https:\/\/www.zuzanabenuskova.sk\/wp-content\/uploads\/2013\/09\/scan0002.jpg 1683w\" sizes=\"auto, (max-width: 144px) 100vw, 144px\" \/><\/a><\/p>\n<p>autorka projektu a spoluautorka a\u00a0editorka textov<\/p>\n<p><strong>Odvoden\u00e9 projekty:<\/strong><\/p>\n<p>&#8211; <a href=\"https:\/\/dajamabooks.sk\/produkt\/ludova-kultura\/\">\u013dudov\u00e1 kult\u00fara<\/a>. Ed\u00edcia Kr\u00e1sy Slovenska. \u00a0Dajama 2010<\/p>\n<p>&#8211; podklady o regi\u00f3noch Slovenska pre Google, 2013<\/p>\n<p>Kroje Slovenska, Ikar 2019<\/p>\n<p>&nbsp;<\/p>\n","protected":false},"excerpt":{"rendered":"<p>&#8211; publik\u00e1cia Tradi\u010dn\u00e1 kult\u00fara regi\u00f3nov Slovenska. VEDA 1998, 2. doplnen\u00e9 vydanie 2004\u00a0\u00a0 odporu\u010den\u00e1 MK SR\u00a0medzi z\u00e1kladnou literat\u00farou k danej t\u00e9me autorka projektu a spoluautorka a\u00a0editorka textov Odvoden\u00e9 projekty: &#8211; \u013dudov\u00e1 kult\u00fara. Ed\u00edcia Kr\u00e1sy Slovenska. \u00a0Dajama 2010 &#8211; podklady o regi\u00f3noch Slovenska pre Google, 2013 Kroje Slovenska, Ikar 2019 &nbsp;<\/p>\n","protected":false},"author":1,"featured_media":0,"parent":77,"menu_order":0,"comment_status":"closed","ping_status":"closed","template":"","meta":{"footnotes":""},"class_list":["post-137","page","type-page","status-publish","hentry"],"_links":{"self":[{"href":"https:\/\/www.zuzanabenuskova.sk\/index.php?rest_route=\/wp\/v2\/pages\/137","targetHints":{"allow":["GET"]}}],"collection":[{"href":"https:\/\/www.zuzanabenuskova.sk\/index.php?rest_route=\/wp\/v2\/pages"}],"about":[{"href":"https:\/\/www.zuzanabenuskova.sk\/index.php?rest_route=\/wp\/v2\/types\/page"}],"author":[{"embeddable":true,"href":"https:\/\/www.zuzanabenuskova.sk\/index.php?rest_route=\/wp\/v2\/users\/1"}],"replies":[{"embeddable":true,"href":"https:\/\/www.zuzanabenuskova.sk\/index.php?rest_route=%2Fwp%2Fv2%2Fcomments&post=137"}],"version-history":[{"count":8,"href":"https:\/\/www.zuzanabenuskova.sk\/index.php?rest_route=\/wp\/v2\/pages\/137\/revisions"}],"predecessor-version":[{"id":703,"href":"https:\/\/www.zuzanabenuskova.sk\/index.php?rest_route=\/wp\/v2\/pages\/137\/revisions\/703"}],"up":[{"embeddable":true,"href":"https:\/\/www.zuzanabenuskova.sk\/index.php?rest_route=\/wp\/v2\/pages\/77"}],"wp:attachment":[{"href":"https:\/\/www.zuzanabenuskova.sk\/index.php?rest_route=%2Fwp%2Fv2%2Fmedia&parent=137"}],"curies":[{"name":"wp","href":"https:\/\/api.w.org\/{rel}","templated":true}]}}

Kultúrne regióny Slovenska

<p>&#8211; publikácia <strong>Tradičná kultúra regiónov Slovenska.</strong> VEDA 1998, 2. doplnené vydanie 2004   odporučená MK SR medzi základnou literatúrou k danej téme <a href="http://www.zuzanabenuskova.sk/wp-content/uploads/2013/09/scan0002.jpg"><img loading="lazy" decoding="async" class=" wp-image-216 alignright" src="http://www.zuzanabenuskova.sk/wp-content/uploads/2013/09/scan0002-206x300.jpg" alt="scan0002" width="144" height="210" srcset="https://www.zuzanabenuskova.sk/wp-content/uploads/2013/09/scan0002-206x300.jpg 206w, https://www.zuzanabenuskova.sk/wp-content/uploads/2013/09/scan0002-703x1024.jpg 703w, https://www.zuzanabenuskova.sk/wp-content/uploads/2013/09/scan0002.jpg 1683w" sizes="auto, (max-width: 144px) 100vw, 144px" /></a></p>
<p>autorka projektu a spoluautorka a editorka textov</p>
<p><strong>Odvodené projekty:</strong></p>
<p>&#8211; <a href="https://dajamabooks.sk/produkt/ludova-kultura/">Ľudová kultúra</a>. Edícia Krásy Slovenska.  Dajama 2010</p>
<p>&#8211; podklady o regiónoch Slovenska pre Google, 2013</p>
<p>Kroje Slovenska, Ikar 2019</p>
<p>&nbsp;</p>

<p>&#8211; publikácia Tradičná kultúra regiónov Slovenska. VEDA 1998, 2. doplnené vydanie 2004   odporučená MK SR medzi základnou literatúrou k danej téme autorka projektu a spoluautorka a editorka textov Odvodené projekty: &#8211; Ľudová kultúra. Edícia Krásy Slovenska.  Dajama 2010 &#8211; podklady o regiónoch Slovenska pre Google, 2013 Kroje Slovenska, Ikar 2019 &nbsp;</p>
